= y**3 + 6. List the prime factors of g(w).
2, 3
Let r(y) = 6*y**2 + 3 - 5*y - 3*y**2 - 2*y**2. Let j be r(5). List the prime factors of (-2)/(6/(-33)) + j.
2, 7
Suppose -3*u = -u - 112. What are the prime factors of u?
2, 7
Let r = 4 - -22. List the prime factors of (r/(-6))/(1/(-6)).
2, 13
Suppose 2*z + 67 = 3*z. List the prime factors of z.
67
Let c = -7 + 17. Suppose -l - 4*l = -c. List the prime factors of l.
2
Let i = 31 - 21. List the prime factors of i.
2, 5
Let i(s) = s - 1. Let c be i(7). Suppose 3*o - 3*g = 9, 0*g = 4*o - 5*g - 15. What are the prime factors of (2 + o)*c/3?
2
Let q(d) = 1. Let f(a) = 1 - 3 - 4*a - 3 + 3*a. Let z(w) = 3*f(w) + 12*q(w). What are the prime factors of z(-5)?
2, 3
List the prime factors of (-2 - (-3 + 4)) + 5 - -89.
7, 13
What are the prime factors of (12/(-15))/((-4)/30)?
2, 3
Suppose -5*h = -3*h - 12. Suppose h*i - i = 70. Suppose 5*b = 16 + i. What are the prime factors of b?
2, 3
Let q(d) be the first derivative of -d**2/2 + 14*d + 1. What are the prime factors of q(6)?
2
Let d be ((-5)/(1 - 0))/1. Suppose -12 = 2*v - 2*b, v + 0*b + 24 = -5*b. Let k = d - v. What are the prime factors of k?
2
Let o be (-6)/(-4)*(-16)/(-6). Suppose -25 = -w - o*w. List the prime factors of w.
5
Let c be (-1 + -5)/(3 + -5). Let t(j) = -4 - j**2 - j + c - 5*j. What are the prime factors of t(-3)?
2
Suppose 0 = -7*d - 0*d + 98. What are the prime factors of d?
2, 7
Suppose -3*v + 4*g = -6*v + 37, 4*g = 4. What are the prime factors of v?
11
Let d(a) = a + 33. What are the prime factors of d(0)?
3, 11
Let f = 10 - -32. Let d = -11 + f. Let r = -21 + d. List the prime factors of r.
2, 5
Let t = 1 - 12. Let z = -5 - t. List the prime factors of z.
2, 3
Let j(w) = -w**3 - 7*w**2 + 8*w. Let z be j(-8). Suppose -2*i - 18 = -4*i - 2*s, z = 4*i - 2*s - 24. What are the prime factors of i?
7
What are the prime factors of ((-25)/(-5) + -24)/((-2)/16)?
2, 19
Let y(h) = -2*h**3 + 2*h**2 + 3*h + 1. Let b be y(-2). Suppose 2*u - 5*u = -3, -2*v - b = u. What are the prime factors of 2/v + 52/10?
5
Let r(b) = b**3 - b**2 + b + 15. Let l be r(0). Suppose -a = 2*a + l, 0 = 5*w + a - 220. Suppose -w = -0*z - 5*z. What are the prime factors of z?
3
Let l(m) = m**3 + 7*m**2 + 6*m - 2. List the prime factors of l(-5).
2, 3
Let b(s) = 14*s**2 - 11*s - 1 + 11*s. What are the prime factors of b(-1)?
13
Let t = -135 - -66. Let b = 102 + t. Suppose 0 = -4*r - a + b, 2*r - 2*a + 11 = 35. What are the prime factors of r?
3
Suppose -4*q + 2 = p, -2*p - 6 = 5*q - 4. What are the prime factors of (-2)/3 - 28/p?
2
Suppose -12*x = -6*x - 1014. List the prime factors of x.
13
Let q = 6 + -4. Let p be (-2 - q)*(1 - -1). Let a = 14 + p. List the prime factors of a.
2, 3
Let y(c) = -c**3 - 5*c**2 - 2. Let r = -9 - -20. Let n(s) = -3*s**3 - 15*s**2 - s - 7. Let p(m) = r*y(m) - 4*n(m). List the prime factors of p(-4).
2, 3
Suppose 8 = -n + 3*n. Suppose 5*s - 2*g + 22 = 0, 11 = -n*s + 3*g - 1. List the prime factors of 23/3 + (-2)/s.
2
Suppose -4*t + 159 = -149. What are the prime factors of t?
7, 11
Let r = 2 - 7. Let s(f) = f**2 - 2*f - 2. What are the prime factors of s(r)?
3, 11
Suppose 2*a - 60 = -a. What are the prime factors of a?
2, 5
Suppose 3*z = 0, 0*z + 38 = w - 4*z. List the prime factors of w.
2, 19
Suppose -3*t - x = -t - 13, -3*x + 27 = 3*t. Suppose 0 = -n + 2*n - t. Suppose 3*u - n*y = 5, -5*u = -4*y + 2*y - 13. List the prime factors of u.
3
Let k be (16 + -2 - -3) + 0. Let j = -8 + k. What are the prime factors of j?
3
Suppose -11*o + 6*o = -610. What are the prime factors of o?
2, 61
Let h = 3 - 3. Let t = 0 - h. Suppose t*r + 3*r - 36 = 0. List the prime factors of r.
2, 3
Suppose z - 2 = 3. Suppose c + 3*o - 9 = z*o, -4*o - 21 = -3*c. Suppose -5*k + 33 = -4*w + w, 3 = k + c*w. What are the prime factors of k?
2, 3
Suppose 3*k + 4*r = 67, 0 = -k + 2*r - 6*r + 17. What are the prime factors of k?
5
Let h(w) = w**2 + 13*w + 9. Let r be h(-12). Let c(g) = g**2 - 5*g - 3. List the prime factors of c(r).
3, 7
Let n(m) = -9*m - 9. Let x be n(6). Let v = -37 - x. What are the prime factors of v?
2, 13
Suppose 2*x - 18 = x. Suppose -3*z + x - 2 = -g, 3*z - 2*g - 11 = 0. List the prime factors of z.
7
Let i = 150 + -103. Let q = -31 + i. What are the prime factors of q?
2
Let t(u) = -u - 3. Let v be t(-6). Suppose v*l = 4*w + 27, 3*l - 18 = 2*w + 9. Let s(b) = -b**2 + 10*b + 1. List the prime factors of s(l).
2, 5
Suppose 2*j = 4*u - 80, -4*u + 0*j + 5*j + 80 = 0. Suppose -4*a - 16 - u = 0. Let k(l) = l + 13. List the prime factors of k(a).
2
Let l(p) = -3*p + 4. Let t be l(-3). Let m = 34 - t. What are the prime factors of m?
3, 7
Let m(s) = -s**3 + 6*s**2 + 4. Let y be m(6). Suppose 66 + 50 = y*t. What are the prime factors of t?
29
Let h = -6 + -15. Let z be h/(-5) + 4/(-20). Suppose 0*w - 13 = -z*w + 3*b, 16 = 3*w + 4*b. What are the prime factors of w?
2
Let r be 1*-1*22 - -1. Suppose 2*s - 33 - 33 = 0. Let p = s + r. What are the prime factors of p?
2, 3
Let y(k) = 3*k - 5. Let c be y(5). Let l(j) = -2*j - 1. Let n be l(-4). Suppose c*u - 30 = n*u. List the prime factors of u.
2, 5
List the prime factors of 105/9 - 4/6.
11
Suppose 5*z = 84 + 81. What are the prime factors of z?
3, 11
Suppose n + n - 2 = 0. Let u(t) = 6*t**2 + 2*t + 1. Let f(h) = h**2 + 1. Let m(z) = n*u(z) - 4*f(z). List the prime factors of m(3).
3, 7
Let t = 5 - 3. Suppose 2*b + 2 = -t. What are the prime factors of b/(-10) + 44/5?
3
Let u(s) = -s**2 - s + 32. List the prime factors of u(0).
2
Let q be -1 + 21*(-7)/(-3). Let t = q + -34. List the prime factors of t.
2, 7
Suppose -q - 15 = -115. Suppose 5*p - f - 4*f = q, -4*f - 11 = -p. List the prime factors of p.
23
Suppose z + 5*d = -30, 4*z + 4*d + 25 = 3*z. Let b = z + 9. What are the prime factors of b?
2
Suppose -2*y - 4*h = -7*y + 29, -y - h + 4 = 0. Suppose -5*k = -w + 10, -y*k - 2*w = -4*w + 5. List the prime factors of (-198)/(-10) - k/15.
2, 5
Let s be (-6)/4*(-8)/3. Suppose 5*j = 2*u - 36 + 7, 2*u = s*j + 24. What are the prime factors of u?
2
Let d(h) be the third derivative of h**6/120 + 2*h**5/15 + 7*h**4/24 - h**2. Let n be d(-7). Let u(r) = r**2 + r + 10. List the prime factors of u(n).
2, 5
Let q be (-9)/4 - (-1)/4. Suppose 4*o + 1 - 29 = 0. Let l = o - q. List the prime factors of l.
3
Let k(r) = -r**2 + 2*r - 1. Let h = 5 + -4. Let y be k(h). Suppose y = -5*n + 70. List the prime factors of n.
2, 7
Suppose 0*s = -2*s + 48. Suppose -4*m + s = 2*v, -4*m + 3*m = -5*v + 49. List the prime factors of v.
2, 5
Let m(g) = 21*g. List the prime factors of m(3).
3, 7
Suppose -18*v + 16*v + 66 = 0. List the prime factors of v.
3, 11
Let y be 1/(3/6 + 0). Suppose -y*n = -29 - 25. List the prime factors of 6/n - 372/(-27).
2, 7
Suppose -3*h + 13 = -2. Suppose -h*n = b + 12 - 3, -4*b = -3*n + 13. List the prime factors of (n + -7)*1/(-2).
2
Suppose -4*r + 227 = r - 4*h, -55 = -r + 4*h. Let z = r - 21. What are the prime factors of z?
2, 11
Let m(o) = 2*o**2 + 2*o + o**2 - 3*o. Let t be m(1). Suppose -19 = -t*c + 5. What are the prime factors of c?
2, 3
Let k(i) = i**3 + 3*i**2 - 4*i + 3. Suppose 3 = -j - 1. Let c be k(j). Suppose -2*g - c = -1, 4*g = -s + 5. List the prime factors of s.
3
Let n be 67/(-3) - (-2)/(-3). Suppose 0*x = -4*x + 8, 28 = -2*l + x. Let c = l - n. List the prime factors of c.
2, 5
What are the prime factors of 4/26 - 5190/(-65)?
2, 5
Let g(w) = 13*w - 6*w - w**2 - 5 + 2*w**2 + 4. What are the prime factors of g(-8)?
7
Let y(d) = 2*d + 9. Let g be y(-9). Let j(v) be the first derivative of -v**3/3 - 9*v**2/2 + 11*v - 1. List the prime factors of j(g).
11
Suppose 0 = t - 3*t - 6. Let f be 2*6 + 1 + t. Suppose 52 = 4*z - 0*z + 4*k, -2*k + f = 0. What are the prime factors of z?
2
Let c = 6 + 1. List the prime factors of c.
7
Suppose 0 = -6*b + b - 3*i + 133, -4*i = -5*b + 161. Let p = -4 + b. What are the prime factors of p?
5
Suppose -4*c = 24 - 4. What are the prime factors of (c/(-15))/(3/27)?
3
Let x(t) be the second derivative of t**5/20 - t**4/4 + t**3/3 + t**2 - 5*t. What are the prime factors of x(2)?
2
Let c(p) = -p**2 + 4*p + 1. Let r be c(3). Let i(v) be the second derivative of v**3/3 - 3*v**2/2 - 18*v. What are the prime factors of i(r)?
5
Let r be (-1)/2*(-2)/(-1). Let x = 1 + r.